{"id":1917,"date":"2017-02-13T12:24:27","date_gmt":"2017-02-13T13:05:17","guid":{"rendered":"http:\/\/kaderli.dev\/product\/garda\/"},"modified":"2017-08-11T15:26:20","modified_gmt":"2017-08-11T15:26:20","slug":"garda","status":"publish","type":"product","link":"https:\/\/kaderli.ch\/fr\/product\/garda\/","title":{"rendered":"Garda dalle"},"content":{"rendered":"<p>La dalle GARDA est und dalle plus comprim\u00e9e. C&rsquo;est pour cela que la stabilit\u00e9 est malgr\u00e9 de l&rsquo;\u00e9paisseur plus petite la m\u00eame comme chez les dalles d&rsquo;une \u00e9paisseur normale.<br \/><b>\u00c9paisseur:<\/b> 2.8cm ; 3.3cm<br \/><b>Surface:<\/b> sab\u00e9; polie (pour l&rsquo;interieur)<br \/><b>Couleurs:<\/b><br \/>gris; jaune; saumon; anthracite; &#8230;&#8230;<br \/><b>Dimensions:<\/b><br \/>40\/40cm; 40\/60cm<\/p>\n","protected":false},"excerpt":{"rendered":"<p>La dalle GARDA est und dalle plus comprim\u00e9e. C&#039;est pour cela que la stabilit\u00e9 est malgr\u00e9 de l&#039;\u00e9paisseur plus petite la m\u00eame comme chez les dalles d&#039;une \u00e9paisseur normale.<br \/><b>\u00c9paisseur:<\/b> 2.8cm ; 3.3cm<br \/><b>Surface:<\/b> sab\u00e9; polie (pour l&#039;interieur)<br \/><b>Couleurs:<\/b><br \/>gris; jaune; saumon; anthracite; &#8230;&#8230;<br \/><b>Dimensions:<\/b><br \/>40\/40cm; 40\/60cm<\/p>\n","protected":false},"featured_media":807,"template":"","meta":[],"product_brand":[],"product_cat":[53],"product_tag":[798],"class_list":{"0":"post-1917","1":"product","2":"type-product","3":"status-publish","4":"has-post-thumbnail","6":"product_cat-dalles-en-beton","7":"product_tag-sfd","8":"pa_dimensions-laenge-m-x-breite-m-fr","9":"pa_discounts-68_80-70_25-fr","10":"pa_id-53-fr","11":"pa_link-www-helfer-sa-ch-fr","13":"first","14":"instock","15":"virtual","16":"purchasable","17":"product-type-simple"},"_links":{"self":[{"href":"https:\/\/kaderli.ch\/fr\/wp-json\/wp\/v2\/product\/1917","targetHints":{"allow":["GET"]}}],"collection":[{"href":"https:\/\/kaderli.ch\/fr\/wp-json\/wp\/v2\/product"}],"about":[{"href":"https:\/\/kaderli.ch\/fr\/wp-json\/wp\/v2\/types\/product"}],"wp:featuredmedia":[{"embeddable":true,"href":"https:\/\/kaderli.ch\/fr\/wp-json\/wp\/v2\/media\/807"}],"wp:attachment":[{"href":"https:\/\/kaderli.ch\/fr\/wp-json\/wp\/v2\/media?parent=1917"}],"wp:term":[{"taxonomy":"product_brand","embeddable":true,"href":"https:\/\/kaderli.ch\/fr\/wp-json\/wp\/v2\/product_brand?post=1917"},{"taxonomy":"product_cat","embeddable":true,"href":"https:\/\/kaderli.ch\/fr\/wp-json\/wp\/v2\/product_cat?post=1917"},{"taxonomy":"product_tag","embeddable":true,"href":"https:\/\/kaderli.ch\/fr\/wp-json\/wp\/v2\/product_tag?post=1917"}],"curies":[{"name":"wp","href":"https:\/\/api.w.org\/{rel}","templated":true}]}}

<p>La dalle GARDA est und dalle plus comprimée. C&rsquo;est pour cela que la stabilité est malgré de l&rsquo;épaisseur plus petite la même comme chez les dalles d&rsquo;une épaisseur normale.<br /><b>Épaisseur:</b> 2.8cm ; 3.3cm<br /><b>Surface:</b> sabé; polie (pour l&rsquo;interieur)<br /><b>Couleurs:</b><br />gris; jaune; saumon; anthracite; &#8230;&#8230;<br /><b>Dimensions:</b><br />40/40cm; 40/60cm</p>

<p>La dalle GARDA est und dalle plus comprimée. C&#039;est pour cela que la stabilité est malgré de l&#039;épaisseur plus petite la même comme chez les dalles d&#039;une épaisseur normale.<br /><b>Épaisseur:</b> 2.8cm ; 3.3cm<br /><b>Surface:</b> sabé; polie (pour l&#039;interieur)<br /><b>Couleurs:</b><br />gris; jaune; saumon; anthracite; &#8230;&#8230;<br /><b>Dimensions:</b><br />40/40cm; 40/60cm</p>
