{"id":1925,"date":"2017-02-13T13:05:28","date_gmt":"2017-02-13T13:05:28","guid":{"rendered":"http:\/\/kaderli.dev\/product\/botanico\/"},"modified":"2017-02-13T13:05:28","modified_gmt":"2017-02-13T13:05:28","slug":"botanico","status":"publish","type":"product","link":"https:\/\/kaderli.ch\/fr\/product\/botanico\/","title":{"rendered":"botanico"},"content":{"rendered":"<p>Les \u00e9l\u00e9ments de talus Botanico peuvent \u00eatre utilis\u00e9s soit en mur ou escalier.<br \/>&#8211; De couleur : gris et brun<br \/>&#8211; prof. des \u00e9lements cm.60 pour les \u00e9l\u00e9ments inf\u00e9rieurs, cm.40 pour les \u00e9l\u00e9ments sup\u00e9rieurs<br \/>&#8211; Utilisation :<br \/>&#8211; Consolidation de talus \u00e0 inclinaisons multiples<br \/>&#8211; mur de protection acoustique avec espaces pour la plantaions.<\/p>\n","protected":false},"excerpt":{"rendered":"<p>Les \u00e9l\u00e9ments de talus Botanico peuvent \u00eatre utilis\u00e9s soit en mur ou escalier.<br \/>&#8211; De couleur : gris et brun<br \/>&#8211; prof. des \u00e9lements cm.60 pour les \u00e9l\u00e9ments inf\u00e9rieurs, cm.40 pour les \u00e9l\u00e9ments sup\u00e9rieurs<br \/>&#8211; Utilisation :<br \/>&#8211; Consolidation de talus \u00e0 inclinaisons multiples<br \/>&#8211; mur de protection acoustique avec espaces pour la plantaions.<\/p>\n","protected":false},"featured_media":0,"template":"","meta":[],"product_brand":[],"product_cat":[859],"product_tag":[],"class_list":{"0":"post-1925","1":"product","2":"type-product","3":"status-publish","5":"product_cat-unkategorisiert-fr","6":"pa_dimensions-hoehe-m-x-laenge-m-fr","7":"pa_discounts-230-fr","8":"pa_id-61-fr","10":"first","11":"instock","12":"virtual","13":"purchasable","14":"product-type-simple"},"_links":{"self":[{"href":"https:\/\/kaderli.ch\/fr\/wp-json\/wp\/v2\/product\/1925","targetHints":{"allow":["GET"]}}],"collection":[{"href":"https:\/\/kaderli.ch\/fr\/wp-json\/wp\/v2\/product"}],"about":[{"href":"https:\/\/kaderli.ch\/fr\/wp-json\/wp\/v2\/types\/product"}],"wp:attachment":[{"href":"https:\/\/kaderli.ch\/fr\/wp-json\/wp\/v2\/media?parent=1925"}],"wp:term":[{"taxonomy":"product_brand","embeddable":true,"href":"https:\/\/kaderli.ch\/fr\/wp-json\/wp\/v2\/product_brand?post=1925"},{"taxonomy":"product_cat","embeddable":true,"href":"https:\/\/kaderli.ch\/fr\/wp-json\/wp\/v2\/product_cat?post=1925"},{"taxonomy":"product_tag","embeddable":true,"href":"https:\/\/kaderli.ch\/fr\/wp-json\/wp\/v2\/product_tag?post=1925"}],"curies":[{"name":"wp","href":"https:\/\/api.w.org\/{rel}","templated":true}]}}

<p>Les éléments de talus Botanico peuvent être utilisés soit en mur ou escalier.<br />&#8211; De couleur : gris et brun<br />&#8211; prof. des élements cm.60 pour les éléments inférieurs, cm.40 pour les éléments supérieurs<br />&#8211; Utilisation :<br />&#8211; Consolidation de talus à inclinaisons multiples<br />&#8211; mur de protection acoustique avec espaces pour la plantaions.</p>
