{"id":1943,"date":"2017-02-13T12:24:45","date_gmt":"2017-02-13T13:05:28","guid":{"rendered":"http:\/\/kaderli.dev\/product\/protection-de-facade-en-boulets\/"},"modified":"2017-08-26T05:58:43","modified_gmt":"2017-08-26T05:58:43","slug":"protection-de-facade-en-boulets","status":"publish","type":"product","link":"https:\/\/kaderli.ch\/fr\/product\/protection-de-facade-en-boulets\/","title":{"rendered":"Protection de fa\u00e7ade en boulets"},"content":{"rendered":"<p>Un jolie protection de fa\u00e7ade peut \u00eatre confectionn\u00e9 en boulets et\/ou gravier ronde.<\/p>\n","protected":false},"excerpt":{"rendered":"<p>Un jolie protection de fa\u00e7ade peut \u00eatre confectionn\u00e9 en boulets et\/ou gravier ronde.<\/p>\n","protected":false},"featured_media":886,"template":"","meta":[],"product_brand":[],"product_cat":[66],"product_tag":[804],"class_list":{"0":"post-1943","1":"product","2":"type-product","3":"status-publish","4":"has-post-thumbnail","6":"product_cat-protectinon-de-fassades","7":"product_tag-aed","8":"pa_dimensions-laenge-m-fr","9":"pa_id-81-fr","11":"first","12":"instock","13":"virtual","14":"purchasable","15":"product-type-simple"},"_links":{"self":[{"href":"https:\/\/kaderli.ch\/fr\/wp-json\/wp\/v2\/product\/1943","targetHints":{"allow":["GET"]}}],"collection":[{"href":"https:\/\/kaderli.ch\/fr\/wp-json\/wp\/v2\/product"}],"about":[{"href":"https:\/\/kaderli.ch\/fr\/wp-json\/wp\/v2\/types\/product"}],"wp:featuredmedia":[{"embeddable":true,"href":"https:\/\/kaderli.ch\/fr\/wp-json\/wp\/v2\/media\/886"}],"wp:attachment":[{"href":"https:\/\/kaderli.ch\/fr\/wp-json\/wp\/v2\/media?parent=1943"}],"wp:term":[{"taxonomy":"product_brand","embeddable":true,"href":"https:\/\/kaderli.ch\/fr\/wp-json\/wp\/v2\/product_brand?post=1943"},{"taxonomy":"product_cat","embeddable":true,"href":"https:\/\/kaderli.ch\/fr\/wp-json\/wp\/v2\/product_cat?post=1943"},{"taxonomy":"product_tag","embeddable":true,"href":"https:\/\/kaderli.ch\/fr\/wp-json\/wp\/v2\/product_tag?post=1943"}],"curies":[{"name":"wp","href":"https:\/\/api.w.org\/{rel}","templated":true}]}}

Protection de façade en boulets

<p>Un jolie protection de façade peut être confectionné en boulets et/ou gravier ronde.</p>
