{"id":2012,"date":"2017-02-13T12:25:38","date_gmt":"2017-02-13T13:06:14","guid":{"rendered":"http:\/\/kaderli.dev\/product\/tatueren-mur-sec-en-petit-pierres\/"},"modified":"2018-09-01T14:15:14","modified_gmt":"2018-09-01T14:15:14","slug":"tatueren-mur-sec-en-petit-pierres","status":"publish","type":"product","link":"https:\/\/kaderli.ch\/fr\/product\/tatueren-mur-sec-en-petit-pierres\/","title":{"rendered":"Mur sec en pt. pierres de tatueren"},"content":{"rendered":"<p>Le muret sec est stable et construit sans b\u00e9ton. Il est un bon habitat pour differentes animaux et v\u00e9gatation. Mais le montage demande une choix et pose des pierres tr\u00e9s soigneusement.<\/p>\n","protected":false},"excerpt":{"rendered":"<p>Le muret sec est stable et construit sans b\u00e9ton. Il est un bon habitat pour differentes animaux et v\u00e9gatation. Mais le montage demande une choix et pose des pierres tr\u00e9s soigneusement.<\/p>\n","protected":false},"featured_media":1023,"template":"","meta":[],"product_brand":[],"product_cat":[36],"product_tag":[792,800],"class_list":["post-2012","product","type-product","status-publish","has-post-thumbnail","product_cat-pierre-naturel-petit-pierres","product_tag-mrt","product_tag-prn","pa_dimensions-hoehe-m-x-laenge-m-fr","pa_id-156-fr","pa_link-www-tatueren-ch-fr","pa_similar-70-fr","first","instock","virtual","purchasable","product-type-simple"],"_links":{"self":[{"href":"https:\/\/kaderli.ch\/fr\/wp-json\/wp\/v2\/product\/2012","targetHints":{"allow":["GET"]}}],"collection":[{"href":"https:\/\/kaderli.ch\/fr\/wp-json\/wp\/v2\/product"}],"about":[{"href":"https:\/\/kaderli.ch\/fr\/wp-json\/wp\/v2\/types\/product"}],"wp:featuredmedia":[{"embeddable":true,"href":"https:\/\/kaderli.ch\/fr\/wp-json\/wp\/v2\/media\/1023"}],"wp:attachment":[{"href":"https:\/\/kaderli.ch\/fr\/wp-json\/wp\/v2\/media?parent=2012"}],"wp:term":[{"taxonomy":"product_brand","embeddable":true,"href":"https:\/\/kaderli.ch\/fr\/wp-json\/wp\/v2\/product_brand?post=2012"},{"taxonomy":"product_cat","embeddable":true,"href":"https:\/\/kaderli.ch\/fr\/wp-json\/wp\/v2\/product_cat?post=2012"},{"taxonomy":"product_tag","embeddable":true,"href":"https:\/\/kaderli.ch\/fr\/wp-json\/wp\/v2\/product_tag?post=2012"}],"curies":[{"name":"wp","href":"https:\/\/api.w.org\/{rel}","templated":true}]}}

<p>Le muret sec est stable et construit sans béton. Il est un bon habitat pour differentes animaux et végatation. Mais le montage demande une choix et pose des pierres trés soigneusement.</p>
