{"id":2030,"date":"2017-02-13T12:25:52","date_gmt":"2017-02-13T13:06:26","guid":{"rendered":"http:\/\/kaderli.dev\/product\/marches-en-poutres-en-chene\/"},"modified":"2017-08-09T09:43:16","modified_gmt":"2017-08-09T09:43:16","slug":"marches-en-poutres-en-chene","status":"publish","type":"product","link":"https:\/\/kaderli.ch\/fr\/product\/marches-en-poutres-en-chene\/","title":{"rendered":"Marche en poutre de ch\u00eane"},"content":{"rendered":"<p>Les poutres en ch\u00eane sont soit fix\u00e9 dans le b\u00e9ton, ou clou\u00e9es sur une autre poutre. L&rsquo;\u00e9cart peut \u00eatre combl\u00e9 avec du gravier ou ferm\u00e9 avec un prochaine poutre.<\/p>\n","protected":false},"excerpt":{"rendered":"<p>Les poutres en ch\u00eane sont soit fix\u00e9 dans le b\u00e9ton, ou clou\u00e9es sur une autre poutre. L&rsquo;\u00e9cart peut \u00eatre combl\u00e9 avec du gravier ou ferm\u00e9 avec un prochaine poutre.<\/p>\n","protected":false},"featured_media":1228,"template":"","meta":[],"product_brand":[],"product_cat":[815],"product_tag":[790],"class_list":{"0":"post-2030","1":"product","2":"type-product","3":"status-publish","4":"has-post-thumbnail","6":"product_cat-marches-bois","7":"product_tag-esca","8":"pa_id-206-fr","9":"pa_similar-177-fr","11":"first","12":"instock","13":"virtual","14":"purchasable","15":"product-type-simple"},"_links":{"self":[{"href":"https:\/\/kaderli.ch\/fr\/wp-json\/wp\/v2\/product\/2030","targetHints":{"allow":["GET"]}}],"collection":[{"href":"https:\/\/kaderli.ch\/fr\/wp-json\/wp\/v2\/product"}],"about":[{"href":"https:\/\/kaderli.ch\/fr\/wp-json\/wp\/v2\/types\/product"}],"wp:featuredmedia":[{"embeddable":true,"href":"https:\/\/kaderli.ch\/fr\/wp-json\/wp\/v2\/media\/1228"}],"wp:attachment":[{"href":"https:\/\/kaderli.ch\/fr\/wp-json\/wp\/v2\/media?parent=2030"}],"wp:term":[{"taxonomy":"product_brand","embeddable":true,"href":"https:\/\/kaderli.ch\/fr\/wp-json\/wp\/v2\/product_brand?post=2030"},{"taxonomy":"product_cat","embeddable":true,"href":"https:\/\/kaderli.ch\/fr\/wp-json\/wp\/v2\/product_cat?post=2030"},{"taxonomy":"product_tag","embeddable":true,"href":"https:\/\/kaderli.ch\/fr\/wp-json\/wp\/v2\/product_tag?post=2030"}],"curies":[{"name":"wp","href":"https:\/\/api.w.org\/{rel}","templated":true}]}}

Marche en poutre de chêne

<p>Les poutres en chêne sont soit fixé dans le béton, ou clouées sur une autre poutre. L&rsquo;écart peut être comblé avec du gravier ou fermé avec un prochaine poutre.</p>
