{"id":2044,"date":"2017-02-13T12:25:52","date_gmt":"2017-02-13T13:06:26","guid":{"rendered":"http:\/\/kaderli.dev\/product\/gravier-gras-de-schwefelberg\/"},"modified":"2024-09-23T05:30:21","modified_gmt":"2024-09-23T05:30:21","slug":"gravier-gras-de-schwefelberg","status":"publish","type":"product","link":"https:\/\/kaderli.ch\/fr\/product\/gravier-gras-de-schwefelberg\/","title":{"rendered":"Gravier gras de Schwefelberg"},"content":{"rendered":"<p>Le gravier gras de Schwefelberg est en une couleure l\u00e9g\u00e9rment beige-jaune. Il vient de la r\u00e9gion Fribourg-Lac noir.<\/p>\n","protected":false},"excerpt":{"rendered":"<p>Le gravier gras de Schwefelberg est en une couleure l\u00e9g\u00e9rment beige-jaune.&nbsp;Ce gravier&nbsp;vient de la r\u00e9gion Fribourg-Lac noir.<\/p>\n","protected":false},"featured_media":1185,"template":"","meta":[],"product_brand":[],"product_cat":[52],"product_tag":[798],"class_list":{"0":"post-2044","1":"product","2":"type-product","3":"status-publish","4":"has-post-thumbnail","6":"product_cat-gravier-ou-places-naturelles","7":"product_tag-sfd","8":"pa_dimensions-quadratmeter-fr","9":"pa_discounts-16_10-fr","10":"pa_id-193-fr","12":"first","13":"instock","14":"purchasable","15":"product-type-simple"},"_links":{"self":[{"href":"https:\/\/kaderli.ch\/fr\/wp-json\/wp\/v2\/product\/2044","targetHints":{"allow":["GET"]}}],"collection":[{"href":"https:\/\/kaderli.ch\/fr\/wp-json\/wp\/v2\/product"}],"about":[{"href":"https:\/\/kaderli.ch\/fr\/wp-json\/wp\/v2\/types\/product"}],"wp:featuredmedia":[{"embeddable":true,"href":"https:\/\/kaderli.ch\/fr\/wp-json\/wp\/v2\/media\/1185"}],"wp:attachment":[{"href":"https:\/\/kaderli.ch\/fr\/wp-json\/wp\/v2\/media?parent=2044"}],"wp:term":[{"taxonomy":"product_brand","embeddable":true,"href":"https:\/\/kaderli.ch\/fr\/wp-json\/wp\/v2\/product_brand?post=2044"},{"taxonomy":"product_cat","embeddable":true,"href":"https:\/\/kaderli.ch\/fr\/wp-json\/wp\/v2\/product_cat?post=2044"},{"taxonomy":"product_tag","embeddable":true,"href":"https:\/\/kaderli.ch\/fr\/wp-json\/wp\/v2\/product_tag?post=2044"}],"curies":[{"name":"wp","href":"https:\/\/api.w.org\/{rel}","templated":true}]}}

<p>Le gravier gras de Schwefelberg est en une couleure légérment beige-jaune. Il vient de la région Fribourg-Lac noir.</p>

<p>Le gravier gras de Schwefelberg est en une couleure légérment beige-jaune.&nbsp;Ce gravier&nbsp;vient de la région Fribourg-Lac noir.</p>
