{"id":2084,"date":"2017-02-13T12:26:19","date_gmt":"2017-02-13T13:06:49","guid":{"rendered":"http:\/\/kaderli.dev\/product\/pergolas-toitures-verts\/"},"modified":"2017-07-14T17:22:45","modified_gmt":"2017-07-14T17:22:45","slug":"pergolas-toitures-verts","status":"publish","type":"product","link":"https:\/\/kaderli.ch\/fr\/product\/pergolas-toitures-verts\/","title":{"rendered":"Pergolas et toitures verts"},"content":{"rendered":"<p>Toitures en m\u00e9tal combin\u00e9e avec des cordes m\u00e9tal et plantes font un clima tr\u00e8s freche et agr\u00e9able.<\/p>\n","protected":false},"excerpt":{"rendered":"<p>Toitures en m\u00e9tal combin\u00e9e avec des cordes m\u00e9tal et plantes font un clima tr\u00e8s freche et agr\u00e9able.<\/p>\n","protected":false},"featured_media":1297,"template":"","meta":[],"product_brand":[],"product_cat":[91,74],"product_tag":[804],"class_list":["post-2084","product","type-product","status-publish","has-post-thumbnail","product_cat-mobilier-pavillon-et-fontaines","product_cat-protection_soleil","product_tag-aed","first","instock","virtual","product-type-simple"],"_links":{"self":[{"href":"https:\/\/kaderli.ch\/fr\/wp-json\/wp\/v2\/product\/2084","targetHints":{"allow":["GET"]}}],"collection":[{"href":"https:\/\/kaderli.ch\/fr\/wp-json\/wp\/v2\/product"}],"about":[{"href":"https:\/\/kaderli.ch\/fr\/wp-json\/wp\/v2\/types\/product"}],"wp:featuredmedia":[{"embeddable":true,"href":"https:\/\/kaderli.ch\/fr\/wp-json\/wp\/v2\/media\/1297"}],"wp:attachment":[{"href":"https:\/\/kaderli.ch\/fr\/wp-json\/wp\/v2\/media?parent=2084"}],"wp:term":[{"taxonomy":"product_brand","embeddable":true,"href":"https:\/\/kaderli.ch\/fr\/wp-json\/wp\/v2\/product_brand?post=2084"},{"taxonomy":"product_cat","embeddable":true,"href":"https:\/\/kaderli.ch\/fr\/wp-json\/wp\/v2\/product_cat?post=2084"},{"taxonomy":"product_tag","embeddable":true,"href":"https:\/\/kaderli.ch\/fr\/wp-json\/wp\/v2\/product_tag?post=2084"}],"curies":[{"name":"wp","href":"https:\/\/api.w.org\/{rel}","templated":true}]}}

<p>Toitures en métal combinée avec des cordes métal et plantes font un clima très freche et agréable.</p>
